{"id":493,"date":"2022-01-04T19:42:17","date_gmt":"2022-01-04T17:42:17","guid":{"rendered":"http:\/\/www.ciriec.es\/valencia2022\/\/?page_id=493"},"modified":"2023-11-07T17:12:27","modified_gmt":"2023-11-07T16:12:27","slug":"inici","status":"publish","type":"page","link":"https:\/\/ciriec.es\/valencia2022\/ca\/inici\/","title":{"rendered":"Inici"},"content":{"rendered":"<p>[et_pb_section fb_built=\u00bb1&#8243; fullwidth=\u00bbon\u00bb module_id=\u00bbheader-inicio\u00bb _builder_version=\u00bb4.16&#8243; _module_preset=\u00bbdefault\u00bb global_colors_info=\u00bb{}\u00bb][et_pb_fullwidth_slider _builder_version=\u00bb4.16&#8243; _module_preset=\u00bbdefault\u00bb min_height=\u00bb100%\u00bb height=\u00bb100%\u00bb max_height=\u00bb100%\u00bb auto=\u00bbon\u00bb auto_speed=\u00bb4000&#8243; auto_ignore_hover=\u00bbon\u00bb global_colors_info=\u00bb{}\u00bb][et_pb_slide _builder_version=\u00bb4.16&#8243; _module_preset=\u00bbdefault\u00bb background_image=\u00bbhttp:\/\/www.ciriec.es\/valencia2022\/wp-content\/uploads\/header-01.jpg\u00bb background_enable_image=\u00bbon\u00bb parallax=\u00bbon\u00bb global_colors_info=\u00bb{}\u00bb sticky_transition=\u00bbon\u00bb]<\/p>\n<h2>Noves din\u00e0miques mundials en l&#8217;era post-Covid: desafiaments per a l&#8217;economia p\u00fablica, social i cooperativa<\/h2>\n<p>[\/et_pb_slide][et_pb_slide _builder_version=\u00bb4.16&#8243; _module_preset=\u00bbdefault\u00bb background_image=\u00bbhttp:\/\/www.ciriec.es\/valencia2022\/wp-content\/uploads\/header-02.jpg\u00bb background_enable_image=\u00bbon\u00bb parallax=\u00bbon\u00bb global_colors_info=\u00bb{}\u00bb sticky_transition=\u00bbon\u00bb]<\/p>\n<h2>Noves din\u00e0miques mundials en l&#8217;era post-Covid: desafiaments per a l&#8217;economia p\u00fablica, social i cooperativa<\/h2>\n<p>[\/et_pb_slide][et_pb_slide _builder_version=\u00bb4.16&#8243; _module_preset=\u00bbdefault\u00bb background_image=\u00bbhttp:\/\/www.ciriec.es\/valencia2022\/wp-content\/uploads\/header-03.jpg\u00bb background_enable_image=\u00bbon\u00bb parallax=\u00bbon\u00bb global_colors_info=\u00bb{}\u00bb sticky_transition=\u00bbon\u00bb]<\/p>\n<h2>Noves din\u00e0miques mundials en l&#8217;era post-Covid: desafiaments per a l&#8217;economia p\u00fablica, social i cooperativa<\/h2>\n<p>[\/et_pb_slide][\/et_pb_fullwidth_slider][\/et_pb_section][et_pb_section fb_built=\u00bb1&#8243; admin_label=\u00bbPRESENTACI\u00d3N\u00bb module_id=\u00bbinicio-presentacion\u00bb module_class=\u00bbseccion\u00bb _builder_version=\u00bb4.16&#8243; background_enable_color=\u00bboff\u00bb global_colors_info=\u00bb{}\u00bb][et_pb_row _builder_version=\u00bb4.16&#8243; _module_preset=\u00bbdefault\u00bb global_colors_info=\u00bb{}\u00bb][et_pb_column type=\u00bb4_4&#8243; _builder_version=\u00bb4.16&#8243; _module_preset=\u00bbdefault\u00bb global_colors_info=\u00bb{}\u00bb][et_pb_text _builder_version=\u00bb4.17.4&#8243; _module_preset=\u00bbdefault\u00bb global_colors_info=\u00bb{}\u00bb]<\/p>\n<h2>VAL\u00c8NCIA, CAPITAL MUNDIAL DE L&#8217;ECONOMIA P\u00daBLICA, EL COOPERATIVISME I L&#8217;ECONOMIA SOCIAL<\/h2>\n<p style=\"font-weight: 400;\">Val\u00e8ncia va ser els dies 13, 14 i 15 de juny del 2022 la capital mundial de l&#8217;Economia P\u00fablica, el Cooperativisme i l&#8217;Economia Social, amb la celebraci\u00f3 del 33 Congr\u00e9s Internacional del CIRIEC. El Congr\u00e9s es va celebrar baix el lema \u00ab<strong>Noves din\u00e0miques mundials a l&#8217;era post-Covid: desafiaments per a l&#8217;economia p\u00fablica, social i cooperativa<\/strong>\u00ab. Van ser tres dies molt especials i intensos. I un gran \u00e8xit, avalat per m\u00faltiples fites: la participaci\u00f3 d\u2019un total de 1.217 congressistes i convidats de 33 pa\u00efsos; 300 propostes de comunicaci\u00f3 rebudes, de les quals 184 van ser acceptades i 132 es van presentar de manera presencial a 19 sessions. I dos \u2018keynote speakers\u2019 de m\u00e0xim nivell, com s\u00f3n <strong>el premi Nobel d&#8217;Economia Paul Krugman<\/strong>, i <strong>l&#8217;economista Mariana Mazzucato<\/strong>, tots dos destacant el paper essencial que t\u00e9 i m\u00e9s que tindr\u00e0 el cooperativisme i l&#8217;economia social a les nostres societats.<\/p>\n<p>[\/et_pb_text][\/et_pb_column][\/et_pb_row][\/et_pb_section][et_pb_section fb_built=\u00bb1&#8243; admin_label=\u00bbDESTACADOS\u00bb module_id=\u00bbinicio-destacados\u00bb module_class=\u00bbseccion\u00bb _builder_version=\u00bb4.16&#8243; background_color=\u00bb#f3f3f3&#8243; global_colors_info=\u00bb{}\u00bb][et_pb_row module_class=\u00bbactualidad-fila-titulo\u00bb _builder_version=\u00bb4.16&#8243; _module_preset=\u00bbdefault\u00bb global_colors_info=\u00bb{}\u00bb][et_pb_column type=\u00bb4_4&#8243; _builder_version=\u00bb4.16&#8243; _module_preset=\u00bbdefault\u00bb global_colors_info=\u00bb{}\u00bb][et_pb_text _builder_version=\u00bb4.17.4&#8243; _module_preset=\u00bbdefault\u00bb global_colors_info=\u00bb{}\u00bb]<\/p>\n<h2>Documentaci\u00f3 disponible del Congr\u00e9s\u200b<\/h2>\n<p>[\/et_pb_text][\/et_pb_column][\/et_pb_row][et_pb_row column_structure=\u00bb1_4,1_4,1_4,1_4&#8243; module_class=\u00bbactualidad\u00bb _builder_version=\u00bb4.16&#8243; _module_preset=\u00bbdefault\u00bb global_colors_info=\u00bb{}\u00bb][et_pb_column type=\u00bb1_4&#8243; _builder_version=\u00bb4.16&#8243; _module_preset=\u00bbdefault\u00bb global_colors_info=\u00bb{}\u00bb][et_pb_code module_class=\u00bbdestacado01&#8243; _builder_version=\u00bb4.17.4&#8243; _module_preset=\u00bbdefault\u00bb global_colors_info=\u00bb{}\u00bb]<a class=\"destacado01\" href=\"http:\/\/ciriec.es\/valencia2022\/ca\/comunicaciones-inicio-vl\/\"><!-- [et_pb_line_break_holder] --><pee class='et-pb-icon'>i<\/pee><!-- [et_pb_line_break_holder] --><pee class=\"texto\"><!-- [et_pb_line_break_holder] -->  COMUNICACIONS PRESENTADES<!-- [et_pb_line_break_holder] --><\/pee><!-- [et_pb_line_break_holder] --><\/a>[\/et_pb_code][\/et_pb_column][et_pb_column type=\u00bb1_4&#8243; _builder_version=\u00bb4.16&#8243; _module_preset=\u00bbdefault\u00bb global_colors_info=\u00bb{}\u00bb][et_pb_code module_class=\u00bbdestacado02&#8243; _builder_version=\u00bb4.17.4&#8243; _module_preset=\u00bbdefault\u00bb global_colors_info=\u00bb{}\u00bb]<a class=\"destacado02\" href=\"https:\/\/www.flickr.com\/photos\/195940605@N07\/albums\" target=\"blank\" rel=\"noopener\"><!-- [et_pb_line_break_holder] --><pee class='et-pb-icon'>\ue00f<\/pee><!-- [et_pb_line_break_holder] --><pee class=\"texto\"><!-- [et_pb_line_break_holder] -->  GALERIA FOTOGR\u00c0FICA<!-- [et_pb_line_break_holder] --><\/pee><!-- [et_pb_line_break_holder] --><\/a>[\/et_pb_code][\/et_pb_column][et_pb_column type=\u00bb1_4&#8243; _builder_version=\u00bb4.16&#8243; _module_preset=\u00bbdefault\u00bb global_colors_info=\u00bb{}\u00bb][et_pb_code module_class=\u00bbdestacado03&#8243; _builder_version=\u00bb4.17.4&#8243; _module_preset=\u00bbdefault\u00bb global_colors_info=\u00bb{}\u00bb]<a class=\"destacado03\" href=\"http:\/\/www.ciriec.es\/valencia2022\/wp-content\/uploads\/Guia_Congresista_CIRIEC_Valencia_2022.pdf\" target=\"blank\" rel=\"noopener\"><!-- [et_pb_line_break_holder] --><pee class='et-pb-icon'>\ue022<\/pee><!-- [et_pb_line_break_holder] --><pee class=\"texto\"><!-- [et_pb_line_break_holder] -->  GUIA DEL CONGRESSISTA<!-- [et_pb_line_break_holder] --><\/pee><!-- [et_pb_line_break_holder] --><\/a>  [\/et_pb_code][\/et_pb_column][et_pb_column type=\u00bb1_4&#8243; _builder_version=\u00bb4.16&#8243; _module_preset=\u00bbdefault\u00bb global_colors_info=\u00bb{}\u00bb][et_pb_code module_class=\u00bbdestacado04&#8243; _builder_version=\u00bb4.17.4&#8243; _module_preset=\u00bbdefault\u00bb global_colors_info=\u00bb{}\u00bb]<a class=\"destacado04\" href=\"http:\/\/www.ciriec.es\/valencia2022\/wp-content\/uploads\/SocialMediaGuide_CIRIEC.pdf\" target=\"blank\" rel=\"noopener\"><!-- [et_pb_line_break_holder] --><pee class='et-pb-icon'>\ue002<\/pee><!-- [et_pb_line_break_holder] --><pee class=\"texto\"><!-- [et_pb_line_break_holder] -->SOCIAL MEDIA GUIDE<!-- [et_pb_line_break_holder] --><\/pee><!-- [et_pb_line_break_holder] --><\/a> [\/et_pb_code][\/et_pb_column][\/et_pb_row][\/et_pb_section][et_pb_section fb_built=\u00bb1&#8243; admin_label=\u00bbCONFERENCIA INAUGURAL\u00bb module_id=\u00bbinicio-conferencia\u00bb module_class=\u00bbseccion\u00bb _builder_version=\u00bb4.16&#8243; background_color=\u00bb#d5e8f5&#8243; global_colors_info=\u00bb{}\u00bb][et_pb_row _builder_version=\u00bb4.16&#8243; _module_preset=\u00bbdefault\u00bb global_colors_info=\u00bb{}\u00bb][et_pb_column type=\u00bb4_4&#8243; _builder_version=\u00bb4.16&#8243; _module_preset=\u00bbdefault\u00bb global_colors_info=\u00bb{}\u00bb][et_pb_text _builder_version=\u00bb4.17.4&#8243; _module_preset=\u00bbdefault\u00bb global_colors_info=\u00bb{}\u00bb]<\/p>\n<h2>LA CONFER\u00c8NCIA INAUGURAL<img decoding=\"async\" src=\"http:\/\/www.ciriec.es\/valencia2022\/wp-content\/uploads\/conferencia-krugman.jpg\" alt=\"\" \/><\/h2>\n<p style=\"font-weight: 400;\">La confer\u00e8ncia inaugural, titulada &#8216;<strong>Cooperar per a un futur millor<\/strong>&#8216;, va anar a c\u00e0rrec de <strong>Paul Krugman<\/strong>. El premi Nobel d\u2019Economia 2008 va analitzar la influ\u00e8ncia de l\u2019economia social en la reducci\u00f3 de les desigualtats i en el canvi clim\u00e0tic. A m\u00e9s, va repassar el paper de l&#8217;economia p\u00fablica en aspectes tan rellevants com la resposta a la pand\u00e8mia de la Covid-19. Prop de 1.200 persones van atendre la confer\u00e8ncia, que va congregar directius d&#8217;empreses d&#8217;economia social, responsables de les administracions p\u00fabliques i professors universitaris a l&#8217;Auditori del Palau de les Arts de Val\u00e8ncia.<\/p>\n<p>[\/et_pb_text][\/et_pb_column][\/et_pb_row][\/et_pb_section][et_pb_section fb_built=\u00bb1&#8243; admin_label=\u00bbLOGOS\u00bb module_id=\u00bbinicio-logos\u00bb module_class=\u00bbseccion\u00bb _builder_version=\u00bb4.16&#8243; background_color=\u00bb#f3f3f3&#8243; global_colors_info=\u00bb{}\u00bb][et_pb_row _builder_version=\u00bb4.16&#8243; _module_preset=\u00bbdefault\u00bb global_colors_info=\u00bb{}\u00bb][et_pb_column type=\u00bb4_4&#8243; _builder_version=\u00bb4.16&#8243; _module_preset=\u00bbdefault\u00bb global_colors_info=\u00bb{}\u00bb][et_pb_code admin_label=\u00bbORGANIZA\u00bb _builder_version=\u00bb4.17.0&#8243; _module_preset=\u00bbdefault\u00bb global_colors_info=\u00bb{}\u00bb]<\/p>\n<h4><!-- [et_pb_line_break_holder] --> UN CONGR\u00c9S ORGANITZAT PER:<!-- [et_pb_line_break_holder] --><\/h4>\n<p><!-- [et_pb_line_break_holder] --><pee><!-- [et_pb_line_break_holder] -->  <a class=\"logo-ciriec-esp\" href=\"http:\/\/ciriec.es\/\" target=\"blank\" rel=\"noopener\"><img decoding=\"async\" src=\"http:\/\/ciriec.es\/valencia2022\/wp-content\/uploads\/logo-ciriec.png\" alt=\"\" \/><\/a><!-- [et_pb_line_break_holder] --><a class=\"logo-ciriec-int\" href=\"http:\/\/www.ciriec.uliege.be\/\" target=\"blank\" rel=\"noopener\"><img decoding=\"async\" src=\"http:\/\/ciriec.es\/valencia2022\/wp-content\/uploads\/logo-ciriec-internacional.png\" alt=\"\" \/><\/a><!-- [et_pb_line_break_holder] -->  <a class=\"logo-gva-educacio\" href=\"https:\/\/ceice.gva.es\/es\" target=\"blank\" rel=\"noopener\"><img decoding=\"async\" src=\"http:\/\/ciriec.es\/valencia2022\/wp-content\/uploads\/logo-gva-educacio.png\" alt=\"\" \/><\/a><!-- [et_pb_line_break_holder] --><\/pee>[\/et_pb_code][et_pb_code admin_label=\u00bbPATROCINA\u00bb _builder_version=\u00bb4.17.4&#8243; _module_preset=\u00bbdefault\u00bb global_colors_info=\u00bb{}\u00bb]<\/p>\n<h4 id=\"patrocinadores\"><!-- [et_pb_line_break_holder] -->  AMB EL PATROCINI DE:<!-- [et_pb_line_break_holder] --><\/h4>\n<p><!-- [et_pb_line_break_holder] --><pee><!-- [et_pb_line_break_holder] --><a class=\"logo-mta\" href=\"https:\/\/www.mites.gob.es\" target=\"blank\" rel=\"noopener\"><img decoding=\"async\" src=\"http:\/\/www.ciriec.es\/valencia2022\/wp-content\/uploads\/logo-ministerio-trabajo.png\" alt=\"\" \/><\/a><!-- [et_pb_line_break_holder] --><a class=\"logo-gva\" href=\"https:\/\/www.gva.es\/va\/inicio\/presentacion\" target=\"blank\" rel=\"noopener\"><img decoding=\"async\" src=\"http:\/\/www.ciriec.es\/valencia2022\/wp-content\/uploads\/logo-gva.png\" alt=\"\" \/><\/a><!-- [et_pb_line_break_holder] --><a class=\"logo-consum\" href=\"https:\/\/www.consum.es\" target=\"blank\" rel=\"noopener\"><img decoding=\"async\" src=\"http:\/\/www.ciriec.es\/valencia2022\/wp-content\/uploads\/logo-consum.png\" alt=\"\" \/><\/a><!-- [et_pb_line_break_holder] --><a class=\"logo-ayto\" href=\"https:\/\/www.valencia.es\" target=\"blank\" rel=\"noopener\"><img decoding=\"async\" src=\"http:\/\/www.ciriec.es\/valencia2022\/wp-content\/uploads\/logo-ayuntamiento.png\" alt=\"\" \/><\/a><!-- [et_pb_line_break_holder] --><a class=\"logo-florida\" href=\"https:\/\/www.floridauniversitaria.es\" target=\"blank\" rel=\"noopener\"><img decoding=\"async\" src=\"http:\/\/www.ciriec.es\/valencia2022\/wp-content\/uploads\/logo-florida.png\" alt=\"\" \/><\/a><!-- [et_pb_line_break_holder] --><a class=\"logo-divina\" href=\"https:\/\/divinaseguros.com\" target=\"blank\" rel=\"noopener\"><img decoding=\"async\" src=\"http:\/\/www.ciriec.es\/valencia2022\/wp-content\/uploads\/logo-divina.png\" alt=\"\" \/><\/a><!-- [et_pb_line_break_holder] --><a class=\"logo-anecoop\" href=\"https:\/\/anecoop.com\" target=\"blank\" rel=\"noopener\"><img decoding=\"async\" src=\"http:\/\/www.ciriec.es\/valencia2022\/wp-content\/uploads\/logo-anecoop.png\" alt=\"\" \/><\/a><!-- [et_pb_line_break_holder] --><a class=\"logo-caixa-popular\" href=\"https:\/\/www.caixapopular.es\" target=\"blank\" rel=\"noopener\"><img decoding=\"async\" src=\"http:\/\/www.ciriec.es\/valencia2022\/wp-content\/uploads\/logo-caixa-popular.png\" alt=\"\" \/><\/a><!-- [et_pb_line_break_holder] --><a class=\"logo-viu\" href=\"https:\/\/www.universidadviu.com\" target=\"blank\" rel=\"noopener\"><img decoding=\"async\" src=\"http:\/\/www.ciriec.es\/valencia2022\/wp-content\/uploads\/logo-viu.png\" alt=\"\" \/><\/a><!-- [et_pb_line_break_holder] --><a class=\"logo-once\" href=\"https:\/\/www.once.es\" target=\"blank\" rel=\"noopener\"><img decoding=\"async\" src=\"http:\/\/www.ciriec.es\/valencia2022\/wp-content\/uploads\/logo-once.png\" alt=\"\" \/><\/a><!-- [et_pb_line_break_holder] --><a class=\"logo-cajamar\" href=\"https:\/\/www.cajamar.es\" target=\"blank\" rel=\"noopener\"><img decoding=\"async\" src=\"http:\/\/www.ciriec.es\/valencia2022\/wp-content\/uploads\/logo-cajamar.png\" alt=\"\" \/><\/a><!-- [et_pb_line_break_holder] --><a class=\"logo-apv\" href=\"https:\/\/www.valenciaport.com\" target=\"blank\" rel=\"noopener\"><img decoding=\"async\" src=\"http:\/\/www.ciriec.es\/valencia2022\/wp-content\/uploads\/logo-apv.png\" alt=\"\" \/><\/a><!-- [et_pb_line_break_holder] --><\/pee>[\/et_pb_code][et_pb_code admin_label=\u00bbCOLABORA\u00bb _builder_version=\u00bb4.17.4&#8243; _module_preset=\u00bbdefault\u00bb global_colors_info=\u00bb{}\u00bb]<\/p>\n<h4><!-- [et_pb_line_break_holder] -->  AMB LA COL\u00b7LABORACI\u00d3 DE:<!-- [et_pb_line_break_holder] --><\/h4>\n<p><!-- [et_pb_line_break_holder] --><pee><!-- [et_pb_line_break_holder] --><a class=\"logo-iudescoop\" href=\"https:\/\/www.uv.es\/uvweb\/instituto-universitario-economia-social-cooperativa-IUDESCOOP\/es\/instituto-universitario-investigacion-economia-social-cooperativismo-emprendimiento-1285893890074.html\" target=\"blank\" rel=\"noopener\"><img decoding=\"async\" src=\"http:\/\/ciriec.es\/valencia2022\/wp-content\/uploads\/logo-iudescoop.png\" alt=\"\" \/><\/a><!-- [et_pb_line_break_holder] --><a class=\"logo-economia\" href=\"https:\/\/www.uv.es\/uvweb\/economia\/es\/facultad-economia-1285848977403.html\" target=\"blank\" rel=\"noopener\"><img decoding=\"async\" src=\"http:\/\/ciriec.es\/valencia2022\/wp-content\/uploads\/logo-facultat-economia.png\" alt=\"\" \/><\/a><!-- [et_pb_line_break_holder] --><a class=\"logo-economia-aplicada\" href=\"https:\/\/www.uv.es\/uvweb\/departamento-economia-aplicada\/es\/departamento-economia-aplicada-1285857478185.html\" target=\"blank\" rel=\"noopener\"><img decoding=\"async\" src=\"http:\/\/ciriec.es\/valencia2022\/wp-content\/uploads\/logo-economia-aplicada.png\" alt=\"\" \/><\/a><!-- [et_pb_line_break_holder] --><a class=\"logo-cepes\" href=\"https:\/\/www.cepes.es\" target=\"blank\" rel=\"noopener\"><img decoding=\"async\" src=\"http:\/\/ciriec.es\/valencia2022\/wp-content\/uploads\/logo-cepes.png\" alt=\"\" \/><\/a><!-- [et_pb_line_break_holder] --><a class=\"logo-see\" href=\"https:\/\/www.socialeconomy.eu.org\" target=\"blank\" rel=\"noopener\"><img decoding=\"async\" src=\"http:\/\/ciriec.es\/valencia2022\/wp-content\/uploads\/logo-social-economy-europe.png\" alt=\"\" \/><\/a><!-- [et_pb_line_break_holder] --><a class=\"logo-concoval\" href=\"https:\/\/concoval.es\/\" target=\"blank\" rel=\"noopener\"><img decoding=\"async\" src=\"http:\/\/ciriec.es\/valencia2022\/wp-content\/uploads\/logo-concoval.png\" alt=\"\" \/><\/a><!-- [et_pb_line_break_holder] --><a class=\"logo-cegea\" href=\"https:\/\/www.cegea.upv.es\/es\/\" target=\"blank\" rel=\"noopener\"><img decoding=\"async\" src=\"http:\/\/ciriec.es\/valencia2022\/wp-content\/uploads\/logo-cegea.png\" alt=\"\" \/><\/a><!-- [et_pb_line_break_holder] --><a class=\"logo-cidec\" href=\"https:\/\/www.uv.es\/uvweb\/instituto-universitario-economia-social-cooperativa-IUDESCOOP\/es\/cidec\/cidec-1286093740233.html\" target=\"blank\" rel=\"noopener\"><img decoding=\"async\" src=\"http:\/\/ciriec.es\/valencia2022\/wp-content\/uploads\/logo-cidec.png\" alt=\"\" \/><\/a><!-- [et_pb_line_break_holder] --><a class=\"logo-economistas\" href=\"https:\/\/www.coev.com\" target=\"blank\" rel=\"noopener\"><img decoding=\"async\" src=\"http:\/\/ciriec.es\/valencia2022\/wp-content\/uploads\/logo-economistas.png\" alt=\"\" \/><\/a><!-- [et_pb_line_break_holder] --><a class=\"logo-blockchainfue\" href=\"https:\/\/www.blockchainfue.com\" target=\"blank\" rel=\"noopener\"><img decoding=\"async\" src=\"http:\/\/ciriec.es\/valencia2022\/wp-content\/uploads\/logo-blockchainfue.png\" alt=\"\" \/><\/a><!-- [et_pb_line_break_holder] --><a class=\"logo-plataforma\" href=\"http:\/\/www.plataformatercersector.es\/es\/plataforma-del-tercer-sector-de-lo-social-de-la-comunidad-valenciana\/informacion\" target=\"blank\" rel=\"noopener\"><img decoding=\"async\" src=\"http:\/\/ciriec.es\/valencia2022\/wp-content\/uploads\/logo-plataforma.png\" alt=\"\" \/><\/a><!-- [et_pb_line_break_holder] --><\/pee>[\/et_pb_code][et_pb_code admin_label=\u00bbMEDIA PARTNER\u00bb _builder_version=\u00bb4.17.0&#8243; _module_preset=\u00bbdefault\u00bb global_colors_info=\u00bb{}\u00bb]<\/p>\n<h4 id=\"entidades\"><!-- [et_pb_line_break_holder] -->  Media Partner:<!-- [et_pb_line_break_holder] --><\/h4>\n<p><!-- [et_pb_line_break_holder] --><pee><!-- [et_pb_line_break_holder] --><a class=\"logo-servimedia\" href=\"https:\/\/www.servimedia.es\" target=\"blank\" rel=\"noopener\"><img decoding=\"async\" src=\"http:\/\/ciriec.es\/valencia2022\/wp-content\/uploads\/logo-servimedia.png\" alt=\"\" \/><\/a><!-- [et_pb_line_break_holder] --><\/pee>[\/et_pb_code][\/et_pb_column][\/et_pb_row][\/et_pb_section]<\/p>\n","protected":false},"excerpt":{"rendered":"<p>Noves din\u00e0miques mundials en l&#8217;era post-Covid: desafiaments per a l&#8217;economia p\u00fablica, social i cooperativaNoves din\u00e0miques mundials en l&#8217;era post-Covid: desafiaments per a l&#8217;economia p\u00fablica, social i cooperativaNoves din\u00e0miques mundials en l&#8217;era post-Covid: desafiaments per a l&#8217;economia p\u00fablica, social i cooperativaVAL\u00c8NCIA, CAPITAL MUNDIAL DE L&#8217;ECONOMIA P\u00daBLICA, EL COOPERATIVISME I L&#8217;ECONOMIA SOCIAL Val\u00e8ncia va ser els dies [&hellip;]<\/p>\n","protected":false},"author":3,"featured_media":0,"parent":0,"menu_order":0,"comment_status":"closed","ping_status":"closed","template":"","meta":{"_acf_changed":false,"_et_pb_use_builder":"on","_et_pb_old_content":"INICI","_et_gb_content_width":"","footnotes":""},"class_list":["post-493","page","type-page","status-publish","hentry"],"acf":[],"_links":{"self":[{"href":"https:\/\/ciriec.es\/valencia2022\/wp-json\/wp\/v2\/pages\/493","targetHints":{"allow":["GET"]}}],"collection":[{"href":"https:\/\/ciriec.es\/valencia2022\/wp-json\/wp\/v2\/pages"}],"about":[{"href":"https:\/\/ciriec.es\/valencia2022\/wp-json\/wp\/v2\/types\/page"}],"author":[{"embeddable":true,"href":"https:\/\/ciriec.es\/valencia2022\/wp-json\/wp\/v2\/users\/3"}],"replies":[{"embeddable":true,"href":"https:\/\/ciriec.es\/valencia2022\/wp-json\/wp\/v2\/comments?post=493"}],"version-history":[{"count":40,"href":"https:\/\/ciriec.es\/valencia2022\/wp-json\/wp\/v2\/pages\/493\/revisions"}],"predecessor-version":[{"id":4178,"href":"https:\/\/ciriec.es\/valencia2022\/wp-json\/wp\/v2\/pages\/493\/revisions\/4178"}],"wp:attachment":[{"href":"https:\/\/ciriec.es\/valencia2022\/wp-json\/wp\/v2\/media?parent=493"}],"curies":[{"name":"wp","href":"https:\/\/api.w.org\/{rel}","templated":true}]}}