{"id":476,"date":"2022-01-04T19:55:55","date_gmt":"2022-01-04T17:55:55","guid":{"rendered":"http:\/\/www.ciriec.es\/valencia2022\/\/?page_id=476"},"modified":"2022-01-25T14:06:26","modified_gmt":"2022-01-25T12:06:26","slug":"organitzadors","status":"publish","type":"page","link":"https:\/\/ciriec.es\/valencia2022\/ca\/presentacio\/organitzadors\/","title":{"rendered":"Organitzadors"},"content":{"rendered":"<p>[et_pb_section fb_built=\u00bb1&#8243; fullwidth=\u00bbon\u00bb _builder_version=\u00bb4.14.4&#8243; _module_preset=\u00bbdefault\u00bb global_colors_info=\u00bb{}\u00bb][et_pb_fullwidth_slider module_id=\u00bbheader-mini\u00bb _builder_version=\u00bb4.14.4&#8243; _module_preset=\u00bbdefault\u00bb height=\u00bb350px\u00bb global_colors_info=\u00bb{}\u00bb][et_pb_slide _builder_version=\u00bb4.14.4&#8243; _module_preset=\u00bbdefault\u00bb background_image=\u00bbhttp:\/\/www.ciriec.es\/valencia2022\/wp-content\/uploads\/header-mini.jpg\u00bb background_enable_image=\u00bbon\u00bb background_position=\u00bbtop_center\u00bb global_colors_info=\u00bb{}\u00bb sticky_transition=\u00bbon\u00bb][\/et_pb_slide][\/et_pb_fullwidth_slider][\/et_pb_section][et_pb_section fb_built=\u00bb1&#8243; admin_label=\u00bbACERCA DE\u00bb module_id=\u00bborganizadores\u00bb module_class=\u00bbseccion\u00bb _builder_version=\u00bb4.14.5&#8243; background_enable_color=\u00bboff\u00bb global_colors_info=\u00bb{}\u00bb][et_pb_row _builder_version=\u00bb4.9.7&#8243; _module_preset=\u00bbdefault\u00bb global_colors_info=\u00bb{}\u00bb][et_pb_column type=\u00bb4_4&#8243; _builder_version=\u00bb4.9.7&#8243; _module_preset=\u00bbdefault\u00bb global_colors_info=\u00bb{}\u00bb][et_pb_post_title meta=\u00bboff\u00bb featured_image=\u00bboff\u00bb module_class=\u00bbtit-pagina\u00bb _builder_version=\u00bb4.14.4&#8243; _module_preset=\u00bbdefault\u00bb global_colors_info=\u00bb{}\u00bb][\/et_pb_post_title][et_pb_text _builder_version=\u00bb4.14.6&#8243; _module_preset=\u00bbdefault\u00bb hover_enabled=\u00bb0&#8243; global_colors_info=\u00bb{}\u00bb sticky_enabled=\u00bb0&#8243;]<\/p>\n<h3>Organitzacions promotores<\/h3>\n<p><strong><img loading=\"lazy\" decoding=\"async\" class=\"wp-image-732 alignright size-full\" src=\"http:\/\/www.ciriec.es\/valencia2022\/wp-content\/uploads\/logo-ciriec-internacional.png\" alt=\"\" width=\"100\" height=\"100\" \/>CIRIEC Internacional (Centre Internacional d&#8217;Investigaci\u00f3 i Informaci\u00f3 sobre l&#8217;Economia P\u00fablica, Social i Cooperativa)<\/strong> (<a href=\"http:\/\/www.ciriec.uliege.be\/\" target=\"_blank\" rel=\"noopener\">www.ciriec.uliege.be<\/a>) \u00e9s una organitzaci\u00f3 cient\u00edfica internacional no governamental fundada en 1947. Els seus objectius s\u00f3n assegurar i promoure la recopilaci\u00f3 d&#8217;informaci\u00f3, la investigaci\u00f3 cient\u00edfica i la publicaci\u00f3 d&#8217;obres relatives als sectors i activitats econ\u00f2miques orientades al servei de l&#8217;inter\u00e9s general i col\u00b7lectiu. La seua seu es troba a Lieja (B\u00e8lgica) des de 1957.<\/p>\n<p>Hui dia, el CIRIEC compta amb una <strong>\u00e0mplia xarxa de seccions nacionals i membres institucionals col\u00b7lectius<\/strong> en <strong>23 pa\u00efsos<\/strong>: Alemanya, Argentina, \u00c0ustria, B\u00e8lgica, Brasil, Canad\u00e0, Xile, Xipre, Col\u00f2mbia, Costa Rica, Equador, Corea del Sud, Espanya, Fran\u00e7a, Gr\u00e8cia, Irlanda, el Jap\u00f3, M\u00e8xic, Portugal, Romania, Su\u00e8cia, Tun\u00edsia i Turquia.<\/p>\n<p>El treball cient\u00edfic es duu a terme en comissions cient\u00edfiques i grups de treball amb la participaci\u00f3 de la xarxa cient\u00edfica del CIRIEC (<a href=\"https:\/\/www.ciriec.uliege.be\/en\/our-network\/become-a-member\/\" target=\"_blank\" rel=\"noopener\">https:\/\/www.ciriec.uliege.be\/en\/our-network\/become-a-member\/<\/a>).<\/p>\n<p>CIRIEC publica la revista cient\u00edfica <em>Annals of Public and Cooperative Economics\u00a0<\/em>(<a href=\"https:\/\/onlinelibrary.wiley.com\/journal\/14678292\" target=\"_blank\" rel=\"noopener\">https:\/\/onlinelibrary.wiley.com\/journal\/14678292<\/a>) publicada per Wiley. El CIRIEC tamb\u00e9 publica llibres i treballs de recerca, que estan indexats en la REPEC, disponible en el web del CIRIEC: <a href=\"https:\/\/www.ciriec.uliege.be\/en\/publications\/wp\/\" target=\"_blank\" rel=\"noopener\">https:\/\/www.ciriec.uliege.be\/en\/publications\/wp\/<\/a><\/p>\n<p><strong><img loading=\"lazy\" decoding=\"async\" class=\"wp-image-731 alignright size-full\" src=\"http:\/\/www.ciriec.es\/valencia2022\/wp-content\/uploads\/logo-ciriec.png\" alt=\"\" width=\"157\" height=\"100\" \/>CIRIEC-Espa\u00f1a<\/strong> \u00e9s la secci\u00f3 espanyola del CIRIEC (<a href=\"http:\/\/www.ciriec.uqam.ca\/\" target=\"_blank\" rel=\"noopener\">www.ciriec.es\/<\/a>). Es va constituir com a associaci\u00f3 en 1986. La seua seu es troba en la Facultat d&#8217;Economia de la Universitat de Val\u00e8ncia. Formen part del seu Consell de Direcci\u00f3 destacats acad\u00e8mics especialitzats en temes d&#8217;Economia Social, aix\u00ed com personalitats representatives d&#8217;associacions, federacions i confederacions empresarials de l&#8217;Economia Social a Espanya. Entre les seues publicacions es troba la revista cient\u00edfica de refer\u00e8ncia en economia social a Espanya i Iberoam\u00e8rica, <em>CIRIEC-Espa\u00f1a, revista d&#8217;economia p\u00fablica, social i cooperativa <\/em><a href=\"http:\/\/www.ciriec-revistaeconomia.es\/\" target=\"_blank\" rel=\"noopener\">http:\/\/www.ciriec-revistaeconomia.es<\/a>, i en mat\u00e8ria legislativa <em>CIRIEC-Espa\u00f1a, revista jur\u00eddica d&#8217;economia social i cooperativa <\/em><a href=\"http:\/\/ciriec-revistajuridica.es\/\" target=\"_blank\" rel=\"noopener\">http:\/\/ciriec-revistajuridica.es<\/a>.<em>\u00a0<\/em><\/p>\n<p>Disposa d&#8217;un centre d&#8217;informaci\u00f3 i documentaci\u00f3 europea especialitzat en economia social i en economia p\u00fablica: el CIDEC (<a href=\"http:\/\/www.uv.es\/cidec\" target=\"_blank\" rel=\"noopener\">www.uv.es\/cidec<\/a>), la principal missi\u00f3 del qual \u00e9s oferir suport a la investigaci\u00f3 i la formaci\u00f3 en mat\u00e8ria d&#8217;economia social i cooperativisme, amb informaci\u00f3 especialitzada i assessorament a investigadors, professors, professionals del sector, estudiants i altres persones interessades en temes d&#8217;economia social. En aquests moments \u00e9s un dels m\u00e9s importants en l&#8217;\u00e0mbit de l&#8217;economia social i el cooperativisme a Europa.<\/p>\n<p>[\/et_pb_text][\/et_pb_column][\/et_pb_row][\/et_pb_section]<\/p>\n","protected":false},"excerpt":{"rendered":"<p>Noves din\u00e0miques mundials en l&#8217;era post-Covid: desafiaments per a [&hellip;]<\/p>\n","protected":false},"author":3,"featured_media":0,"parent":406,"menu_order":0,"comment_status":"closed","ping_status":"closed","template":"","meta":{"_acf_changed":false,"_et_pb_use_builder":"on","_et_pb_old_content":"","_et_gb_content_width":"","footnotes":""},"class_list":["post-476","page","type-page","status-publish","hentry"],"acf":[],"_links":{"self":[{"href":"https:\/\/ciriec.es\/valencia2022\/wp-json\/wp\/v2\/pages\/476","targetHints":{"allow":["GET"]}}],"collection":[{"href":"https:\/\/ciriec.es\/valencia2022\/wp-json\/wp\/v2\/pages"}],"about":[{"href":"https:\/\/ciriec.es\/valencia2022\/wp-json\/wp\/v2\/types\/page"}],"author":[{"embeddable":true,"href":"https:\/\/ciriec.es\/valencia2022\/wp-json\/wp\/v2\/users\/3"}],"replies":[{"embeddable":true,"href":"https:\/\/ciriec.es\/valencia2022\/wp-json\/wp\/v2\/comments?post=476"}],"version-history":[{"count":5,"href":"https:\/\/ciriec.es\/valencia2022\/wp-json\/wp\/v2\/pages\/476\/revisions"}],"predecessor-version":[{"id":1309,"href":"https:\/\/ciriec.es\/valencia2022\/wp-json\/wp\/v2\/pages\/476\/revisions\/1309"}],"up":[{"embeddable":true,"href":"https:\/\/ciriec.es\/valencia2022\/wp-json\/wp\/v2\/pages\/406"}],"wp:attachment":[{"href":"https:\/\/ciriec.es\/valencia2022\/wp-json\/wp\/v2\/media?parent=476"}],"curies":[{"name":"wp","href":"https:\/\/api.w.org\/{rel}","templated":true}]}}

<p>[et_pb_section fb_built=»1&#8243; fullwidth=»on» _builder_version=»4.14.4&#8243; _module_preset=»default» global_colors_info=»{}»][et_pb_fullwidth_slider module_id=»header-mini» _builder_version=»4.14.4&#8243; _module_preset=»default» height=»350px» global_colors_info=»{}»][et_pb_slide _builder_version=»4.14.4&#8243; _module_preset=»default» background_image=»http://www.ciriec.es/valencia2022/wp-content/uploads/header-mini.jpg» background_enable_image=»on» background_position=»top_center» global_colors_info=»{}» sticky_transition=»on»][/et_pb_slide][/et_pb_fullwidth_slider][/et_pb_section][et_pb_section fb_built=»1&#8243; admin_label=»ACERCA DE» module_id=»organizadores» module_class=»seccion» _builder_version=»4.14.5&#8243; background_enable_color=»off» global_colors_info=»{}»][et_pb_row _builder_version=»4.9.7&#8243; _module_preset=»default» global_colors_info=»{}»][et_pb_column type=»4_4&#8243; _builder_version=»4.9.7&#8243; _module_preset=»default» global_colors_info=»{}»][et_pb_post_title meta=»off» featured_image=»off» module_class=»tit-pagina» _builder_version=»4.14.4&#8243; _module_preset=»default» global_colors_info=»{}»][/et_pb_post_title][et_pb_text _builder_version=»4.14.6&#8243; _module_preset=»default» hover_enabled=»0&#8243; global_colors_info=»{}» sticky_enabled=»0&#8243;]</p>
<h3>Organitzacions promotores</h3>
<p><strong><img loading="lazy" decoding="async" class="wp-image-732 alignright size-full" src="http://www.ciriec.es/valencia2022/wp-content/uploads/logo-ciriec-internacional.png" alt="" width="100" height="100" />CIRIEC Internacional (Centre Internacional d&#8217;Investigació i Informació sobre l&#8217;Economia Pública, Social i Cooperativa)</strong> (<a href="http://www.ciriec.uliege.be/" target="_blank" rel="noopener">www.ciriec.uliege.be</a>) és una organització científica internacional no governamental fundada en 1947. Els seus objectius són assegurar i promoure la recopilació d&#8217;informació, la investigació científica i la publicació d&#8217;obres relatives als sectors i activitats econòmiques orientades al servei de l&#8217;interés general i col·lectiu. La seua seu es troba a Lieja (Bèlgica) des de 1957.</p>
<p>Hui dia, el CIRIEC compta amb una <strong>àmplia xarxa de seccions nacionals i membres institucionals col·lectius</strong> en <strong>23 països</strong>: Alemanya, Argentina, Àustria, Bèlgica, Brasil, Canadà, Xile, Xipre, Colòmbia, Costa Rica, Equador, Corea del Sud, Espanya, França, Grècia, Irlanda, el Japó, Mèxic, Portugal, Romania, Suècia, Tunísia i Turquia.</p>
<p>El treball científic es duu a terme en comissions científiques i grups de treball amb la participació de la xarxa científica del CIRIEC (<a href="https://www.ciriec.uliege.be/en/our-network/become-a-member/" target="_blank" rel="noopener">https://www.ciriec.uliege.be/en/our-network/become-a-member/</a>).</p>
<p>CIRIEC publica la revista científica <em>Annals of Public and Cooperative Economics </em>(<a href="https://onlinelibrary.wiley.com/journal/14678292" target="_blank" rel="noopener">https://onlinelibrary.wiley.com/journal/14678292</a>) publicada per Wiley. El CIRIEC també publica llibres i treballs de recerca, que estan indexats en la REPEC, disponible en el web del CIRIEC: <a href="https://www.ciriec.uliege.be/en/publications/wp/" target="_blank" rel="noopener">https://www.ciriec.uliege.be/en/publications/wp/</a></p>
<p><strong><img loading="lazy" decoding="async" class="wp-image-731 alignright size-full" src="http://www.ciriec.es/valencia2022/wp-content/uploads/logo-ciriec.png" alt="" width="157" height="100" />CIRIEC-España</strong> és la secció espanyola del CIRIEC (<a href="http://www.ciriec.uqam.ca/" target="_blank" rel="noopener">www.ciriec.es/</a>). Es va constituir com a associació en 1986. La seua seu es troba en la Facultat d&#8217;Economia de la Universitat de València. Formen part del seu Consell de Direcció destacats acadèmics especialitzats en temes d&#8217;Economia Social, així com personalitats representatives d&#8217;associacions, federacions i confederacions empresarials de l&#8217;Economia Social a Espanya. Entre les seues publicacions es troba la revista científica de referència en economia social a Espanya i Iberoamèrica, <em>CIRIEC-España, revista d&#8217;economia pública, social i cooperativa </em><a href="http://www.ciriec-revistaeconomia.es/" target="_blank" rel="noopener">http://www.ciriec-revistaeconomia.es</a>, i en matèria legislativa <em>CIRIEC-España, revista jurídica d&#8217;economia social i cooperativa </em><a href="http://ciriec-revistajuridica.es/" target="_blank" rel="noopener">http://ciriec-revistajuridica.es</a>.<em> </em></p>
<p>Disposa d&#8217;un centre d&#8217;informació i documentació europea especialitzat en economia social i en economia pública: el CIDEC (<a href="http://www.uv.es/cidec" target="_blank" rel="noopener">www.uv.es/cidec</a>), la principal missió del qual és oferir suport a la investigació i la formació en matèria d&#8217;economia social i cooperativisme, amb informació especialitzada i assessorament a investigadors, professors, professionals del sector, estudiants i altres persones interessades en temes d&#8217;economia social. En aquests moments és un dels més importants en l&#8217;àmbit de l&#8217;economia social i el cooperativisme a Europa.</p>
<p>[/et_pb_text][/et_pb_column][/et_pb_row][/et_pb_section]</p>

<p>Noves dinàmiques mundials en l&#8217;era post-Covid: desafiaments per a [&hellip;]</p>
