{"id":474,"date":"2022-01-04T19:55:55","date_gmt":"2022-01-04T17:55:55","guid":{"rendered":"http:\/\/www.ciriec.es\/valencia2022\/\/?page_id=474"},"modified":"2022-02-28T22:03:09","modified_gmt":"2022-02-28T20:03:09","slug":"organisateurs","status":"publish","type":"page","link":"https:\/\/ciriec.es\/valencia2022\/fr\/presentation\/organisateurs\/","title":{"rendered":"Organisateurs"},"content":{"rendered":"<p>[et_pb_section fb_built=\u00bb1&#8243; fullwidth=\u00bbon\u00bb _builder_version=\u00bb4.14.4&#8243; _module_preset=\u00bbdefault\u00bb global_colors_info=\u00bb{}\u00bb][et_pb_fullwidth_slider module_id=\u00bbheader-mini\u00bb _builder_version=\u00bb4.14.8&#8243; _module_preset=\u00bbdefault\u00bb height=\u00bb350px\u00bb hover_enabled=\u00bb0&#8243; global_colors_info=\u00bb{}\u00bb sticky_enabled=\u00bb0&#8243;][et_pb_slide _builder_version=\u00bb4.14.8&#8243; _module_preset=\u00bbdefault\u00bb background_image=\u00bbhttp:\/\/www.ciriec.es\/valencia2022\/wp-content\/uploads\/header-mini.jpg\u00bb background_enable_image=\u00bbon\u00bb background_position=\u00bbtop_center\u00bb hover_enabled=\u00bb0&#8243; global_colors_info=\u00bb{}\u00bb sticky_transition=\u00bbon\u00bb sticky_enabled=\u00bb0&#8243;][\/et_pb_slide][\/et_pb_fullwidth_slider][\/et_pb_section][et_pb_section fb_built=\u00bb1&#8243; admin_label=\u00bbLOGOS\u00bb module_id=\u00bborganizadores\u00bb module_class=\u00bbseccion\u00bb _builder_version=\u00bb4.14.5&#8243; background_enable_color=\u00bboff\u00bb global_colors_info=\u00bb{}\u00bb][et_pb_row _builder_version=\u00bb4.9.7&#8243; _module_preset=\u00bbdefault\u00bb global_colors_info=\u00bb{}\u00bb][et_pb_column type=\u00bb4_4&#8243; _builder_version=\u00bb4.9.7&#8243; _module_preset=\u00bbdefault\u00bb global_colors_info=\u00bb{}\u00bb][et_pb_post_title meta=\u00bboff\u00bb featured_image=\u00bboff\u00bb module_class=\u00bbtit-pagina\u00bb _builder_version=\u00bb4.14.4&#8243; _module_preset=\u00bbdefault\u00bb global_colors_info=\u00bb{}\u00bb][\/et_pb_post_title][et_pb_text _builder_version=\u00bb4.14.6&#8243; _module_preset=\u00bbdefault\u00bb global_colors_info=\u00bb{}\u00bb]<\/p>\n<h3>Organisations promotrices<\/h3>\n<p><strong><img loading=\"lazy\" decoding=\"async\" class=\"wp-image-732 alignright size-full\" src=\"http:\/\/www.ciriec.es\/valencia2022\/wp-content\/uploads\/logo-ciriec-internacional.png\" alt=\"\" width=\"100\" height=\"100\" \/>Le CIRIEC International (Centre international de recherches et d\u2019information sur l\u2019\u00e9conomie publique, sociale et coop\u00e9rative)<\/strong> (<a href=\"http:\/\/www.ciriec.uliege.be\/\" target=\"_blank\" rel=\"noopener\">www.ciriec.uliege.be<\/a>) est une organisation scientifique internationale non gouvernementale fond\u00e9e en 1947. Ses objectifs sont d\u2019assurer et de promouvoir la collecte d\u2019informations, la recherche scientifique et la publication de travaux concernant les secteurs \u00e9conomiques et les activit\u00e9s orient\u00e9s vers le service de l\u2019int\u00e9r\u00eat g\u00e9n\u00e9ral et collectif. Son si\u00e8ge est bas\u00e9 \u00e0 Li\u00e8ge, en Belgique, depuis 1957.<\/p>\n<p><strong>Le CIRIEC <\/strong>compte aujourd\u2019hui un <strong>large r\u00e9seau \u00e9tendu de Sections nationales et membres collectifs institutionnels <\/strong>dans <strong>23 pays\u00a0:<\/strong> Allemagne, Argentine, Autriche, Belgique, Br\u00e9sil, Canada, Chili, Chypre, Colombie, Cor\u00e9e du Sud, Costa Rica, Equateur, Espagne, France, Gr\u00e8ce, Irlande, Japon, Mexique, Portugal, Roumanie, Su\u00e8de, Tunisie, Turquie.<\/p>\n<p>Le travail scientifique est r\u00e9alis\u00e9 en Commissions scientifiques et groupes de travail avec la participation du r\u00e9seau scientifique du CIRIEC (<a href=\"https:\/\/www.ciriec.uliege.be\/notre-reseau\/devenir-membre\/\" target=\"_blank\" rel=\"noopener\">https:\/\/www.ciriec.uliege.be\/notre-reseau\/devenir-membre\/<\/a>).\u00a0<\/p>\n<p>Le CIRIEC \u00e9dite la revue scientifique \u00ab\u00a0Les Annales de l\u2019\u00e9conomie publique, sociale et coop\u00e9rative\u00a0\u00bb (<a href=\"https:\/\/onlinelibrary.wiley.com\/journal\/14678292\" target=\"_blank\" rel=\"noopener\">https:\/\/onlinelibrary.wiley.com\/journal\/14678292<\/a>) publi\u00e9es par Wiley. Le CIRIEC publie aussi des ouvrages et des Cahiers de recherche, qui sont index\u00e9s dans REPEC, disponibles sur le site du CIRIEC\u00a0: <a href=\"http:\/\/www.ciriec.uliege.be\/publications\/wp\/\" target=\"_blank\" rel=\"noopener\">www.ciriec.uliege.be\/publications\/wp\/<\/a><\/p>\n<p><strong><img loading=\"lazy\" decoding=\"async\" class=\"wp-image-731 alignright size-full\" src=\"http:\/\/www.ciriec.es\/valencia2022\/wp-content\/uploads\/logo-ciriec.png\" alt=\"\" width=\"157\" height=\"100\" \/>Le CIRIEC-Espa\u00f1a est la section espagnole du CIRIEC<\/strong> (<a href=\"http:\/\/www.ciriec.es\/\" target=\"_blank\" rel=\"noopener\">www.ciriec.es<\/a>). Il s\u2019est constitu\u00e9 sous la forme d\u2019association en 1986. Son si\u00e8ge se trouve \u00e0 l\u2019Universit\u00e9 de Valence. Des professeurs reconnus sp\u00e9cialistes de th\u00e8mes d\u2019\u00e9conomie sociale font partie de son Conseil de Direction ainsi que des repr\u00e9sentants d\u2019associations, f\u00e9d\u00e9rations et conf\u00e9d\u00e9rations d\u2019entreprises d\u2019\u00e9conomie sociale en Espagne. Parmi ses publications, citons la revue scientifique de r\u00e9f\u00e9rence en \u00e9conomie sociale en Espagne et en Ib\u00e9ro-Am\u00e9rique, <em>CIRIEC-Espa\u00f1a, revista de econom\u00eda p\u00fablica, social y cooperativa<\/em> <a href=\"http:\/\/www.ciriec-revistaeconomia.es\/\" target=\"_blank\" rel=\"noopener\">http:\/\/www.ciriec-revistaeconomia.es<\/a><\/p>\n<p>Il dispose d\u2019un centre d\u2019information et de documentation europ\u00e9enne sp\u00e9cialis\u00e9 en \u00e9conomie sociale et \u00e9conomie publique\u00a0: le CIDEC (<a href=\"http:\/\/www.uv.es\/cidec\" target=\"_blank\" rel=\"noopener\">www.uv.es\/cidec<\/a>) dont la principale mission est d\u2019offrir un support \u00e0 la recherche et \u00e0 la formation dans les domaines de l\u2019\u00e9conomie sociale et du mouvement coop\u00e9ratif\u00a0 \u00e0 travers une information sp\u00e9cialis\u00e9e et un conseil aux chercheurs, professeurs, professionnels du secteur, \u00e9tudiants et aux autres personnes int\u00e9ress\u00e9es par les th\u00e8mes d\u2019\u00e9conomie sociale. Le centre est actuellement un des plus importants en Europe dans le domaine de l\u2019\u00e9conomie sociale et du mouvement coop\u00e9ratif.<\/p>\n<p>[\/et_pb_text][\/et_pb_column][\/et_pb_row][\/et_pb_section]<\/p>\n","protected":false},"excerpt":{"rendered":"<p>Noves din\u00e0miques mundials en l&#8217;era post-Covid: desafiaments per a l&#8217;economia p\u00fablica, [&hellip;]<\/p>\n","protected":false},"author":3,"featured_media":0,"parent":404,"menu_order":0,"comment_status":"closed","ping_status":"closed","template":"","meta":{"_acf_changed":false,"_et_pb_use_builder":"on","_et_pb_old_content":"","_et_gb_content_width":"","footnotes":""},"class_list":["post-474","page","type-page","status-publish","hentry"],"acf":[],"_links":{"self":[{"href":"https:\/\/ciriec.es\/valencia2022\/wp-json\/wp\/v2\/pages\/474","targetHints":{"allow":["GET"]}}],"collection":[{"href":"https:\/\/ciriec.es\/valencia2022\/wp-json\/wp\/v2\/pages"}],"about":[{"href":"https:\/\/ciriec.es\/valencia2022\/wp-json\/wp\/v2\/types\/page"}],"author":[{"embeddable":true,"href":"https:\/\/ciriec.es\/valencia2022\/wp-json\/wp\/v2\/users\/3"}],"replies":[{"embeddable":true,"href":"https:\/\/ciriec.es\/valencia2022\/wp-json\/wp\/v2\/comments?post=474"}],"version-history":[{"count":4,"href":"https:\/\/ciriec.es\/valencia2022\/wp-json\/wp\/v2\/pages\/474\/revisions"}],"predecessor-version":[{"id":1661,"href":"https:\/\/ciriec.es\/valencia2022\/wp-json\/wp\/v2\/pages\/474\/revisions\/1661"}],"up":[{"embeddable":true,"href":"https:\/\/ciriec.es\/valencia2022\/wp-json\/wp\/v2\/pages\/404"}],"wp:attachment":[{"href":"https:\/\/ciriec.es\/valencia2022\/wp-json\/wp\/v2\/media?parent=474"}],"curies":[{"name":"wp","href":"https:\/\/api.w.org\/{rel}","templated":true}]}}