{"id":1146,"date":"2022-01-13T09:31:47","date_gmt":"2022-01-13T07:31:47","guid":{"rendered":"http:\/\/www.ciriec.es\/valencia2022\/\/?page_id=1146"},"modified":"2022-01-13T09:40:36","modified_gmt":"2022-01-13T07:40:36","slug":"politica-de-cookies-2","status":"publish","type":"page","link":"http:\/\/ciriec.es\/valencia2022\/ca\/politica-de-cookies-2\/","title":{"rendered":"Pol\u00edtica de cookies"},"content":{"rendered":"<p>[et_pb_section fb_built=\u00bb1&#8243; fullwidth=\u00bbon\u00bb _builder_version=\u00bb4.14.4&#8243; _module_preset=\u00bbdefault\u00bb global_colors_info=\u00bb{}\u00bb theme_builder_area=\u00bbpost_content\u00bb][et_pb_fullwidth_slider module_id=\u00bbheader-mini\u00bb _builder_version=\u00bb4.14.4&#8243; _module_preset=\u00bbdefault\u00bb height=\u00bb350px\u00bb global_colors_info=\u00bb{}\u00bb theme_builder_area=\u00bbpost_content\u00bb][et_pb_slide _builder_version=\u00bb4.14.4&#8243; _module_preset=\u00bbdefault\u00bb background_image=\u00bbhttp:\/\/www.ciriec.es\/valencia2022\/wp-content\/uploads\/header-mini.jpg\u00bb background_enable_image=\u00bbon\u00bb background_position=\u00bbtop_center\u00bb global_colors_info=\u00bb{}\u00bb sticky_transition=\u00bbon\u00bb theme_builder_area=\u00bbpost_content\u00bb][\/et_pb_slide][\/et_pb_fullwidth_slider][\/et_pb_section][et_pb_section fb_built=\u00bb1&#8243; admin_label=\u00bbLOGOS\u00bb module_id=\u00bbaviso-legal\u00bb module_class=\u00bbseccion\u00bb _builder_version=\u00bb4.14.5&#8243; background_enable_color=\u00bboff\u00bb global_colors_info=\u00bb{}\u00bb theme_builder_area=\u00bbpost_content\u00bb][et_pb_row _builder_version=\u00bb4.9.7&#8243; _module_preset=\u00bbdefault\u00bb global_colors_info=\u00bb{}\u00bb theme_builder_area=\u00bbpost_content\u00bb][et_pb_column type=\u00bb4_4&#8243; _builder_version=\u00bb4.9.7&#8243; _module_preset=\u00bbdefault\u00bb global_colors_info=\u00bb{}\u00bb theme_builder_area=\u00bbpost_content\u00bb][et_pb_post_title meta=\u00bboff\u00bb featured_image=\u00bboff\u00bb module_class=\u00bbtit-pagina\u00bb _builder_version=\u00bb4.14.4&#8243; _module_preset=\u00bbdefault\u00bb global_colors_info=\u00bb{}\u00bb theme_builder_area=\u00bbpost_content\u00bb][\/et_pb_post_title][et_pb_text _builder_version=\u00bb4.14.5&#8243; _module_preset=\u00bbdefault\u00bb global_colors_info=\u00bb{}\u00bb theme_builder_area=\u00bbpost_content\u00bb]<\/p>\n<p>CIRIEC\u2010Espa\u00f1a informa acerca del uso de las cookies en su p\u00e1gina web: <a href=\"http:\/\/www.ciriec.es\/valencia2022\/\">http:\/\/www.ciriec.es\/valencia2022\/<\/a><\/p>\n<h3>\u00bfQU\u00c9 SON LAS COOKIES?<\/h3>\n<p>Las cookies son archivos que se pueden descargar en su equipo a trav\u00e9s de las p\u00e1ginas web. Son\u00a0herramientas que tienen un papel esencial para la prestaci\u00f3n de numerosos servicios de la\u00a0sociedad de la informaci\u00f3n. Entre otros, permiten a una p\u00e1gina web almacenar y recuperar\u00a0informaci\u00f3n sobre los h\u00e1bitos de navegaci\u00f3n de un usuario o de su equipo y, dependiendo de la\u00a0informaci\u00f3n obtenida, se pueden utilizar para reconocer al usuario y mejorar el servicio ofrecido.<\/p>\n<h3>TIPOS DE COOKIES<\/h3>\n<p>Seg\u00fan quien sea la entidad que gestione el dominio desde donde se env\u00edan las cookies y trate\u00a0los datos que se obtengan se pueden distinguir dos tipos:<\/p>\n<ul>\n<li><strong>Cookies propias<\/strong>: aqu\u00e9llas que se env\u00edan al equipo terminal del usuario desde un equipo o\u00a0dominio gestionado por el propio editor y desde el que se presta el servicio solicitado por el\u00a0usuario.<\/li>\n<li><strong>Cookies de terceros<\/strong>: aqu\u00e9llas que se env\u00edan al equipo terminal del usuario desde un equipo o\u00a0dominio que no es gestionado por el editor, sino por otra entidad que trata los datos obtenidos\u00a0trav\u00e9s de las cookies.<\/li>\n<\/ul>\n<p>En el caso de que las cookies sean instaladas desde un equipo o dominio gestionado por el propio\u00a0editor, pero la informaci\u00f3n que se recoja mediante \u00e9stas sea gestionada por un tercero, no\u00a0pueden ser consideradas como cookies propias.<\/p>\n<p>Existe tambi\u00e9n una segunda clasificaci\u00f3n seg\u00fan el plazo de tiempo que permanecen\u00a0almacenadas en el navegador del cliente, pudiendo tratarse de:<\/p>\n<ul>\n<li><strong>Cookies de sesi\u00f3n<\/strong>: dise\u00f1adas para recabar y almacenar datos mientras el usuario accede a una\u00a0p\u00e1gina web. Se suelen emplear para almacenar informaci\u00f3n que solo interesa conservar para la\u00a0prestaci\u00f3n del servicio solicitado por el usuario en una sola ocasi\u00f3n (por ejemplo, una lista de\u00a0productos adquiridos).<\/li>\n<li><strong>Cookies persistentes<\/strong>: los datos siguen almacenados en el terminal y pueden ser accedidos y\u00a0tratados durante un periodo definido por el responsable de la cookie, y que puede ir de unos\u00a0minutos a varios a\u00f1os.<\/li>\n<\/ul>\n<p>Por \u00faltimo, existe otra clasificaci\u00f3n con cinco tipos de cookies seg\u00fan la finalidad para la que se\u00a0traten los datos obtenidos:<\/p>\n<ul>\n<li><strong>Cookies t\u00e9cnicas<\/strong>: aquellas que permiten al usuario la navegaci\u00f3n a trav\u00e9s de una p\u00e1gina web,\u00a0plataforma o aplicaci\u00f3n y la utilizaci\u00f3n de las diferentes opciones o servicios que en ella existan\u00a0como, por ejemplo, controlar el tr\u00e1fico y la comunicaci\u00f3n de datos, identificar la sesi\u00f3n, acceder\u00a0a partes de acceso restringido, recordar los elementos que integran un pedido, realizar el\u00a0proceso de compra de un pedido, realizar la solicitud de inscripci\u00f3n o participaci\u00f3n en un\u00a0evento, utilizar elementos de seguridad durante la navegaci\u00f3n, almacenar contenidos para la\u00a0difusi\u00f3n de v\u00eddeos o sonido o compartir contenidos a trav\u00e9s de redes sociales.<\/li>\n<li><strong>Cookies de personalizaci\u00f3n<\/strong>: permiten al usuario acceder al servicio con algunas caracter\u00edsticas\u00a0de car\u00e1cter general predefinidas en funci\u00f3n de una serie de criterios en el terminal del usuario\u00a0como por ejemplo serian el idioma, el tipo de navegador a trav\u00e9s del cual accede al servicio, la\u00a0configuraci\u00f3n regional desde donde accede al servicio, etc.<\/li>\n<li><strong>Cookies de an\u00e1lisis<\/strong>: permiten al responsable de las mismas, el seguimiento y an\u00e1lisis del\u00a0comportamiento de los usuarios de los sitios web a los que est\u00e1n vinculadas. La informaci\u00f3n\u00a0recogida mediante este tipo de cookies se utiliza en la medici\u00f3n de la actividad de los sitios web,\u00a0aplicaci\u00f3n o plataforma y para la elaboraci\u00f3n de perfiles de navegaci\u00f3n de los usuarios de dichos\u00a0sitios, aplicaciones y plataformas, con el fin de introducir mejoras en funci\u00f3n del an\u00e1lisis de los\u00a0datos de uso que hacen los usuarios del servicio.<\/li>\n<li><strong>Cookies publicitarias<\/strong>: permiten la gesti\u00f3n, de la forma m\u00e1s eficaz posible, de los espacios\u00a0publicitarios.<\/li>\n<li><strong>Cookies de publicidad comportamental<\/strong>: almacenan informaci\u00f3n del comportamiento de los\u00a0usuarios obtenida a trav\u00e9s de la observaci\u00f3n continuada de sus h\u00e1bitos de navegaci\u00f3n, lo que\u00a0permite desarrollar un perfil espec\u00edfico para mostrar publicidad en funci\u00f3n del mismo.<\/li>\n<li><strong>Cookies de redes sociales externas<\/strong>: se utilizan para que los visitantes puedan interactuar con\u00a0el contenido de diferentes plataformas sociales (facebook, youtube, twitter, linkedIn, etc..) y\u00a0que se generen \u00fanicamente para los usuarios de dichas redes sociales. Las condiciones de\u00a0utilizaci\u00f3n de estas cookies y la informaci\u00f3n recopilada se regula por la pol\u00edtica de privacidad de\u00a0la plataforma social correspondiente.<\/li>\n<\/ul>\n<h3>DESACTIVACI\u00d3N Y ELIMINACI\u00d3N DE COOKIES<\/h3>\n<p>Tienes la opci\u00f3n de permitir, bloquear o eliminar las cookies instaladas en tu equipo mediante\u00a0la configuraci\u00f3n de las opciones del navegador instalado en su equipo. Al desactivar cookies,\u00a0algunos de los servicios disponibles podr\u00edan dejar de estar operativos. La forma de deshabilitar\u00a0las cookies es diferente para cada navegador, pero normalmente puede hacerse desde el men\u00fa\u00a0Herramientas u Opciones. Tambi\u00e9n puede consultarse el men\u00fa de Ayuda del navegador d\u00f3nde\u00a0puedes encontrar instrucciones. El usuario podr\u00e1 en cualquier momento elegir qu\u00e9 cookies\u00a0quiere que funcionen en este sitio web.<\/p>\n<p>Puede usted permitir, bloquear o eliminar las cookies instaladas en su equipo mediante la\u00a0configuraci\u00f3n de las opciones del navegador instalado en su ordenador:<\/p>\n<p><strong>Microsoft Internet Explorer o Microsoft Edge:\u00a0<\/strong><a href=\"http:\/\/windows.microsoft.com\/es%E2%80%90es\/windows%E2%80%90vista\/Block%E2%80%90or%E2%80%90allow%E2%80%90cookies\">http:\/\/windows.microsoft.com\/es\u2010es\/windows\u2010vista\/Block\u2010or\u2010allow\u2010cookies<\/a><\/p>\n<p><strong>Mozilla Firefox:<\/strong> <a href=\"http:\/\/support.mozilla.org\/es\/kb\/impedir%E2%80%90que%E2%80%90los%E2%80%90sitios%E2%80%90web%E2%80%90guarden%E2%80%90suspreferencia\">http:\/\/support.mozilla.org\/es\/kb\/impedir\u2010que\u2010los\u2010sitios\u2010web\u2010guarden\u2010suspreferencia<\/a><\/p>\n<p><strong>Chrome:<\/strong> <a href=\"https:\/\/support.google.com\/accounts\/answer\/61416?hl=es\">https:\/\/support.google.com\/accounts\/answer\/61416?hl=es<\/a><\/p>\n<p><strong>Safari:<\/strong> <a href=\"http:\/\/safari.helpmax.net\/es\/privacidad%E2%80%90y%E2%80%90seguridad\/como%E2%80%90gestionar%E2%80%90las%E2%80%90cookies\/\">http:\/\/safari.helpmax.net\/es\/privacidad\u2010y\u2010seguridad\/como\u2010gestionar\u2010las\u2010cookies\/<\/a><\/p>\n<p><strong>Opera:<\/strong> <a href=\"http:\/\/help.opera.com\/Linux\/10.60\/es%E2%80%90ES\/cookies.html\">http:\/\/help.opera.com\/Linux\/10.60\/es\u2010ES\/cookies.html<\/a><\/p>\n<p>Adem\u00e1s, tambi\u00e9n puede gestionar el almac\u00e9n de cookies en su navegador a trav\u00e9s de\u00a0herramientas como las siguientes:<\/p>\n<p><strong>Ghostery<\/strong>: <a href=\"http:\/\/www.ghostery.com\/\">http:\/\/www.ghostery.com\/<\/a><\/p>\n<p><strong>Your online choices<\/strong>: <a href=\"http:\/\/www.youronlinechoices.com\/es\/\">http:\/\/www.youronlinechoices.com\/es\/<\/a><\/p>\n<h3>COOKIES UTILIZADAS<\/h3>\n<p>A continuaci\u00f3n, se identifican las cookies que est\u00e1n siendo utilizadas en este portal, as\u00ed como su\u00a0tipolog\u00eda y funci\u00f3n:<\/p>\n<ul>\n<li><strong>Cookies t\u00e9cnicas<\/strong>: aquellas que permiten al usuario la navegaci\u00f3n a trav\u00e9s de una p\u00e1gina web,\u00a0plataforma o aplicaci\u00f3n y la utilizaci\u00f3n de las diferentes opciones o servicios que en ella existan\u00a0como, por ejemplo, controlar el tr\u00e1fico y la comunicaci\u00f3n de datos, identificar la sesi\u00f3n, acceder\u00a0a partes de acceso restringido, recordar los elementos que integran un pedido, realizar el\u00a0proceso de compra de un pedido, realizar la solicitud de inscripci\u00f3n o participaci\u00f3n en un\u00a0evento, utilizar elementos de seguridad durante la navegaci\u00f3n, almacenar contenidos para la\u00a0difusi\u00f3n de v\u00eddeos o sonido o compartir contenidos a trav\u00e9s de redes sociales.<\/li>\n<li><strong>Cookies de personalizaci\u00f3n<\/strong>: permiten al usuario acceder al servicio con algunas caracter\u00edsticas\u00a0de car\u00e1cter general predefinidas en funci\u00f3n de una serie de criterios en el terminal del usuario\u00a0como por ejemplo serian el idioma, el tipo de navegador a trav\u00e9s del cual accede al servicio, la\u00a0configuraci\u00f3n regional desde donde accede al servicio, etc.<\/li>\n<li><strong>Cookies de an\u00e1lisis<\/strong>: permiten al responsable de las mismas, el seguimiento y an\u00e1lisis del\u00a0comportamiento de los usuarios de los sitios web a los que est\u00e1n vinculadas. La informaci\u00f3n\u00a0recogida mediante este tipo de cookies se utiliza en la medici\u00f3n de la actividad de los sitios web,\u00a0aplicaci\u00f3n o plataforma y para la elaboraci\u00f3n de perfiles de navegaci\u00f3n de los usuarios de dichos\u00a0sitios, aplicaciones y plataformas, con el fin de introducir mejoras en funci\u00f3n del an\u00e1lisis de los\u00a0datos de uso que hacen los usuarios del servicio.<\/li>\n<li><strong>Cookies de redes sociales externas<\/strong>: se utilizan para que los visitantes puedan interactuar con\u00a0el contenido de diferentes plataformas sociales (facebook, youtube, twitter, linkedIn, etc..) y\u00a0que se generen \u00fanicamente para los usuarios de dichas redes sociales. Las condiciones de\u00a0utilizaci\u00f3n de estas cookies y la informaci\u00f3n recopilada se regula por la pol\u00edtica de privacidad de\u00a0la plataforma social correspondiente.<\/li>\n<\/ul>\n<h3>ACEPTACI\u00d3N DE LA POL\u00cdTICA DE COOKIES<\/h3>\n<p>www.ciriec.es asume que usted acepta el uso de cookies. No obstante, muestra informaci\u00f3n\u00a0sobre su Pol\u00edtica de cookies en la parte inferior o superior de cualquier p\u00e1gina del portal con\u00a0cada inicio de sesi\u00f3n con el objeto de que usted sea consciente.<\/p>\n<p>Ante esta informaci\u00f3n es posible llevar a cabo las siguientes acciones:<\/p>\n<ul>\n<li><strong>Aceptar cookies<\/strong>. No se volver\u00e1 a visualizar este aviso al acceder a cualquier p\u00e1gina del portal\u00a0durante la presente sesi\u00f3n.<\/li>\n<li><strong>Cerrar<\/strong>. Se oculta el aviso en la presente p\u00e1gina.<\/li>\n<li><strong>Modificar su configuraci\u00f3n<\/strong>. Podr\u00e1 obtener m\u00e1s informaci\u00f3n sobre qu\u00e9 son las cookies, conocer\u00a0la Pol\u00edtica de cookies de www.ciriec.es y modificar la configuraci\u00f3n de su navegador.<\/li>\n<\/ul>\n<p>[\/et_pb_text][\/et_pb_column][\/et_pb_row][\/et_pb_section]<\/p>\n","protected":false},"excerpt":{"rendered":"<p>Noves din\u00e0miques mundials en l&#8217;era post-Covid: desafiaments per a [&hellip;]<\/p>\n","protected":false},"author":3,"featured_media":0,"parent":0,"menu_order":0,"comment_status":"closed","ping_status":"closed","template":"","meta":{"_acf_changed":false,"_et_pb_use_builder":"on","_et_pb_old_content":"","_et_gb_content_width":"","footnotes":""},"class_list":["post-1146","page","type-page","status-publish","hentry"],"acf":[],"_links":{"self":[{"href":"http:\/\/ciriec.es\/valencia2022\/wp-json\/wp\/v2\/pages\/1146","targetHints":{"allow":["GET"]}}],"collection":[{"href":"http:\/\/ciriec.es\/valencia2022\/wp-json\/wp\/v2\/pages"}],"about":[{"href":"http:\/\/ciriec.es\/valencia2022\/wp-json\/wp\/v2\/types\/page"}],"author":[{"embeddable":true,"href":"http:\/\/ciriec.es\/valencia2022\/wp-json\/wp\/v2\/users\/3"}],"replies":[{"embeddable":true,"href":"http:\/\/ciriec.es\/valencia2022\/wp-json\/wp\/v2\/comments?post=1146"}],"version-history":[{"count":3,"href":"http:\/\/ciriec.es\/valencia2022\/wp-json\/wp\/v2\/pages\/1146\/revisions"}],"predecessor-version":[{"id":1150,"href":"http:\/\/ciriec.es\/valencia2022\/wp-json\/wp\/v2\/pages\/1146\/revisions\/1150"}],"wp:attachment":[{"href":"http:\/\/ciriec.es\/valencia2022\/wp-json\/wp\/v2\/media?parent=1146"}],"curies":[{"name":"wp","href":"https:\/\/api.w.org\/{rel}","templated":true}]}}