{"id":3232,"date":"2022-05-31T16:05:39","date_gmt":"2022-05-31T14:05:39","guid":{"rendered":"http:\/\/ciriec.es\/valencia2022\/?post_type=comunicaciones&#038;p=3232"},"modified":"2022-06-22T12:15:09","modified_gmt":"2022-06-22T10:15:09","slug":"cooperativas-transnacionales-una-respuesta-a-los-retos-de-las-cooperativas-agroalimentarias","status":"publish","type":"comunicaciones","link":"http:\/\/ciriec.es\/valencia2022\/comunicaciones\/cooperativas-transnacionales-una-respuesta-a-los-retos-de-las-cooperativas-agroalimentarias\/","title":{"rendered":"COOPERATIVAS TRANSNACIONALES: UNA RESPUESTA A LOS RETOS DE LAS COOPERATIVAS AGROALIMENTARIAS"},"content":{"rendered":"<p><a href=\"http:\/\/ciriec.es\/valencia2022\/wp-content\/uploads\/COMUN-135.pdf\" target=\"blank\" rel=\"noopener\"><\/a><\/p>\n","protected":false},"excerpt":{"rendered":"<p>Deolinda Meira, Elena Meli\u00e1-Mart\u00ed, Jos\u00e9 Corber\u00e1, Rui Bertuzi<\/p>\n","protected":false},"template":"","eje_tematico":[57],"class_list":["post-3232","comunicaciones","type-comunicaciones","status-publish","hentry","eje_tematico-eje-tematico-08"],"acf":[],"_links":{"self":[{"href":"http:\/\/ciriec.es\/valencia2022\/wp-json\/wp\/v2\/comunicaciones\/3232","targetHints":{"allow":["GET"]}}],"collection":[{"href":"http:\/\/ciriec.es\/valencia2022\/wp-json\/wp\/v2\/comunicaciones"}],"about":[{"href":"http:\/\/ciriec.es\/valencia2022\/wp-json\/wp\/v2\/types\/comunicaciones"}],"wp:attachment":[{"href":"http:\/\/ciriec.es\/valencia2022\/wp-json\/wp\/v2\/media?parent=3232"}],"wp:term":[{"taxonomy":"eje_tematico","embeddable":true,"href":"http:\/\/ciriec.es\/valencia2022\/wp-json\/wp\/v2\/eje_tematico?post=3232"}],"curies":[{"name":"wp","href":"https:\/\/api.w.org\/{rel}","templated":true}]}}

<p>Deolinda Meira, Elena Meliá-Martí, José Corberá, Rui Bertuzi</p>
